{"id":25,"date":"2026-02-26T15:32:04","date_gmt":"2026-02-26T15:32:04","guid":{"rendered":"https:\/\/prosignal.wasmer.app\/?page_id=25"},"modified":"2026-03-13T10:44:03","modified_gmt":"2026-03-13T10:44:03","slug":"instalacje-zbiorcze","status":"publish","type":"page","link":"https:\/\/www.prosignal.pl\/index.php\/instalacje-zbiorcze\/","title":{"rendered":"Instalacje zbiorcze"},"content":{"rendered":"<div class=\"et_pb_section_0 et_pb_section et_section_regular et_block_section\">\n<div class=\"et_pb_row_0 et_pb_row et_pb_gutters3 et_block_row\">\n<div class=\"et_pb_column_0 et_pb_column et_pb_column_4_4 et-last-child et_block_column et_pb_css_mix_blend_mode_passthrough\">\n<div class=\"et_pb_text_0 et_pb_text et_pb_bg_layout_light et_pb_module et_block_module check-list\"><div class=\"et_pb_text_inner\"><h1>Monta\u017c instalacji zbiorczych RTV\/SAT<\/h1>\n<p>&nbsp;<\/p>\n<h3>Profesjonalne instalacje zbiorcze RTV\/SAT dla blok\u00f3w i osiedli<\/h3>\n<p style=\"text-align: justify;\">Oferujemy monta\u017c instalacji zbiorczych RTV\/SAT, dedykowanych przede wszystkim dla mieszka\u0144c\u00f3w blok\u00f3w i osiedli mieszkaniowych. Nasze realizacje gwarantuj\u0105 odbi\u00f3r sygna\u0142u telewizyjnego najwy\u017cszej jako\u015bci w ka\u017cdym mieszkaniu.<\/p>\n<p style=\"text-align: justify;\">Podczas instalacji anteny najpierw okre\u015blamy optymalne ustawienie, kt\u00f3re zapewnia stabilny i silny sygna\u0142. Anten\u0119 montujemy najcz\u0119\u015bciej na dachu budynku, korzystaj\u0105c z solidnych mocowa\u0144, co zapewnia trwa\u0142o\u015b\u0107 i bezpiecze\u0144stwo.<\/p>\n<p>&nbsp;<\/p>\n<h3>Nowoczesne okablowanie i dystrybucja sygna\u0142u<\/h3>\n<p>Okablowanie z anteny jest nast\u0119pnie prowadzone do szafy dystrybucyjnej z multiswitchem, kt\u00f3ry rozdziela sygna\u0142 na poszczeg\u00f3lne gniazda telewizyjne w mieszkaniach. Dzi\u0119ki temu mo\u017cliwe jest wykonanie wyj\u015b\u0107 antenowych w wybranych punktach, zgodnie z potrzebami mieszka\u0144c\u00f3w i zarz\u0105du budynku.<\/p>\n<p>&nbsp;<\/p>\n<h3>Dlaczego warto wybra\u0107 nasz\u0105 firm\u0119?<\/h3>\n<ul>\n<li>Profesjonalne ustawienie anteny zapewniaj\u0105ce maksymaln\u0105 jako\u015b\u0107 sygna\u0142u<\/li>\n<li>Trwa\u0142e i bezpieczne mocowanie anteny na dachu<\/li>\n<li>Nowoczesne okablowanie i multiswitch do rozdzia\u0142u sygna\u0142u<\/li>\n<li>Instalacje dla mieszka\u0144c\u00f3w blok\u00f3w, osiedli i wsp\u00f3lnot mieszkaniowych<\/li>\n<\/ul>\n<\/div><\/div>\n<\/div>\n<\/div>\n<\/div>\n\n<div class=\"et_pb_section_1 et_pb_section et_section_regular et_flex_section\">\n<div class=\"et_pb_row_1 et_pb_row et_flex_row\">\n<div class=\"et_pb_column_1 et_pb_column et-last-child et_flex_column et_pb_css_mix_blend_mode_passthrough et_flex_column_24_24\">\n<div class=\"et_pb_text_1 et_pb_text et_pb_bg_layout_light et_pb_module et_flex_module\"><div class=\"et_pb_text_inner\"><h4>Obszar dzia\u0142ania<\/h4>\n<p>\u015awiadczymy us\u0142ugi na terenie ca\u0142ej <strong>Ma\u0142opolski<\/strong>.<br \/>Nie jeste\u015b pewien, czy dzia\u0142amy w Twojej okolicy? <a class=\"kontakt-link\" href=\"\/index.php\/kontakt\">Skontaktuj si\u0119 z nami<\/a><\/p>\n<\/div><\/div>\n<\/div>\n<\/div>\n<\/div>","protected":false},"excerpt":{"rendered":"","protected":false},"author":1,"featured_media":0,"parent":0,"menu_order":0,"comment_status":"closed","ping_status":"closed","template":"","meta":{"footnotes":""},"folder":[11],"class_list":["post-25","page","type-page","status-publish","hentry"],"_links":{"self":[{"href":"https:\/\/www.prosignal.pl\/index.php\/wp-json\/wp\/v2\/pages\/25","targetHints":{"allow":["GET"]}}],"collection":[{"href":"https:\/\/www.prosignal.pl\/index.php\/wp-json\/wp\/v2\/pages"}],"about":[{"href":"https:\/\/www.prosignal.pl\/index.php\/wp-json\/wp\/v2\/types\/page"}],"author":[{"embeddable":true,"href":"https:\/\/www.prosignal.pl\/index.php\/wp-json\/wp\/v2\/users\/1"}],"replies":[{"embeddable":true,"href":"https:\/\/www.prosignal.pl\/index.php\/wp-json\/wp\/v2\/comments?post=25"}],"version-history":[{"count":0,"href":"https:\/\/www.prosignal.pl\/index.php\/wp-json\/wp\/v2\/pages\/25\/revisions"}],"wp:attachment":[{"href":"https:\/\/www.prosignal.pl\/index.php\/wp-json\/wp\/v2\/media?parent=25"}],"wp:term":[{"taxonomy":"folder","embeddable":true,"href":"https:\/\/www.prosignal.pl\/index.php\/wp-json\/wp\/v2\/folder?post=25"}],"curies":[{"name":"wp","href":"https:\/\/api.w.org\/{rel}","templated":true}]}}